{"id":29,"date":"2017-08-09T15:08:45","date_gmt":"2017-08-09T13:08:45","guid":{"rendered":"http:\/\/prototyp.dansstudio.nu\/?page_id=29"},"modified":"2021-03-26T23:38:24","modified_gmt":"2021-03-26T22:38:24","slug":"faq","status":"publish","type":"page","link":"http:\/\/dansstudio.nu\/en\/om-dansstudion\/faq\/","title":{"rendered":"FAQ"},"content":{"rendered":"<p><strong>Jag har anm\u00e4lt mig och kursen har startat innan jag f\u00e5tt n\u00e5gon bekr\u00e4ftelse?<\/strong><\/p>\n<p><em><span class=\"Apple-style-span\">Kom till f\u00f6rsta kurstillf\u00e4llet och se om ditt namn finns med p\u00e5 listan. Om inte, fyll i en anm\u00e4lningsblankett och l\u00e4mna till personal.<\/span><\/em><\/p>\n<p><strong>Kan jag avanm\u00e4la?<br \/>\n<\/strong><em>Se v\u00e5ra kursvillkor under fliken KURSER &amp; ANM\u00c4LAN.<\/em><\/p>\n<p><strong>Kan jag delbetala?<\/strong>\u00a0<em>Ja.\u00a0<\/em><\/p>\n<ol>\n<li><em>Kontakta kontoret p\u00e5 telnr. 018-300100 eller maila\u00a0oss p\u00e5 info@dansstudio.nu<\/em><\/li>\n<\/ol>\n<p><strong>Jag har inte f\u00e5tt n\u00e5gon faktura?<br \/>\n<\/strong><em>Kolla <\/em><span style=\"font-size: inherit;\">skr\u00e4pposten. Om du inte hittar den d\u00e4r kan du h\u00f6ra av dig till oss s\u00e5 l\u00f6ser vi det.<\/span><\/p>\n","protected":false},"excerpt":{"rendered":"<p>Jag har anm\u00e4lt mig och kursen har startat innan jag f\u00e5tt n\u00e5gon bekr\u00e4ftelse? Kom till f\u00f6rsta kurstillf\u00e4llet och se om ditt namn finns med p\u00e5 listan. Om inte, fyll i en anm\u00e4lningsblankett och l\u00e4mna till personal. Kan jag avanm\u00e4la? Se v\u00e5ra kursvillkor under fliken KURSER &amp; ANM\u00c4LAN. Kan jag delbetala?\u00a0Ja.\u00a0 Kontakta kontoret p\u00e5 telnr. 018-300100 [&hellip;]<\/p>\n","protected":false},"author":1,"featured_media":0,"parent":405,"menu_order":40,"comment_status":"closed","ping_status":"closed","template":"","meta":{"_genesis_hide_title":false,"_genesis_hide_breadcrumbs":false,"_genesis_hide_singular_image":false,"_genesis_hide_footer_widgets":false,"_genesis_custom_body_class":"","_genesis_custom_post_class":"","_genesis_layout":"","footnotes":""},"_links":{"self":[{"href":"http:\/\/dansstudio.nu\/en\/wp-json\/wp\/v2\/pages\/29"}],"collection":[{"href":"http:\/\/dansstudio.nu\/en\/wp-json\/wp\/v2\/pages"}],"about":[{"href":"http:\/\/dansstudio.nu\/en\/wp-json\/wp\/v2\/types\/page"}],"author":[{"embeddable":true,"href":"http:\/\/dansstudio.nu\/en\/wp-json\/wp\/v2\/users\/1"}],"replies":[{"embeddable":true,"href":"http:\/\/dansstudio.nu\/en\/wp-json\/wp\/v2\/comments?post=29"}],"version-history":[{"count":1,"href":"http:\/\/dansstudio.nu\/en\/wp-json\/wp\/v2\/pages\/29\/revisions"}],"predecessor-version":[{"id":1833,"href":"http:\/\/dansstudio.nu\/en\/wp-json\/wp\/v2\/pages\/29\/revisions\/1833"}],"up":[{"embeddable":true,"href":"http:\/\/dansstudio.nu\/en\/wp-json\/wp\/v2\/pages\/405"}],"wp:attachment":[{"href":"http:\/\/dansstudio.nu\/en\/wp-json\/wp\/v2\/media?parent=29"}],"curies":[{"name":"wp","href":"https:\/\/api.w.org\/{rel}","templated":true}]}}

<p><strong>Jag har anmält mig och kursen har startat innan jag fått någon bekräftelse?</strong></p>
<p><em><span class="Apple-style-span">Kom till första kurstillfället och se om ditt namn finns med på listan. Om inte, fyll i en anmälningsblankett och lämna till personal.</span></em></p>
<p><strong>Kan jag avanmäla?<br />
</strong><em>Se våra kursvillkor under fliken KURSER &amp; ANMÄLAN.</em></p>
<p><strong>Kan jag delbetala?</strong> <em>Ja. </em></p>
<ol>
<li><em>Kontakta kontoret på telnr. 018-300100 eller maila oss på info@dansstudio.nu</em></li>
</ol>
<p><strong>Jag har inte fått någon faktura?<br />
</strong><em>Kolla </em><span style="font-size: inherit;">skräpposten. Om du inte hittar den där kan du höra av dig till oss så löser vi det.</span></p>

<p>Jag har anmält mig och kursen har startat innan jag fått någon bekräftelse? Kom till första kurstillfället och se om ditt namn finns med på listan. Om inte, fyll i en anmälningsblankett och lämna till personal. Kan jag avanmäla? Se våra kursvillkor under fliken KURSER &amp; ANMÄLAN. Kan jag delbetala? Ja.  Kontakta kontoret på telnr. 018-300100 [&hellip;]</p>
